 8101 is divided by 368.
5
What is the remainder when 5159 is divided by 1017?
74
What is the remainder when 15580 is divided by 51?
25
Calculate the remainder when 142512 is divided by 321.
309
What is the remainder when 2200 is divided by 50?
0
Calculate the remainder when 9672 is divided by 538.
526
What is the remainder when 1462 is divided by 799?
663
What is the remainder when 12936 is divided by 57?
54
What is the remainder when 145255 is divided by 59?
56
What is the remainder when 11412 is divided by 345?
27
What is the remainder when 3942139 is divided by 53?
52
Calculate the remainder when 38309 is divided by 485.
479
Calculate the remainder when 19874 is divided by 681.
125
Calculate the remainder when 137655 is divided by 411.
381
Calculate the remainder when 4849177 is divided by 501.
499
Calculate the remainder when 196636 is divided by 16.
12
What is the remainder when 97850 is divided by 39?
38
Calculate the remainder when 20438 is divided by 291.
68
Calculate the remainder when 1289142 is divided by 39.
36
Calculate the remainder when 15371 is divided by 5110.
41
Calculate the remainder when 14495 is divided by 604.
603
Calculate the remainder when 45408 is divided by 41.
21
Calculate the remainder when 6366 is divided by 1568.
94
Calculate the remainder when 1868211 is divided by 46.
13
Calculate the remainder when 19102 is divided by 19034.
68
Calculate the remainder when 38595 is divided by 19294.
7
What is the remainder when 375 is divided by 278?
97
Calculate the remainder when 14085 is divided by 670.
15
What is the remainder when 81134 is divided by 135?
134
What is the remainder when 873 is divided by 104?
41
What is the remainder when 555 is divided by 516?
39
What is the remainder when 3324636 is divided by 57?
54
Calculate the remainder when 14147 is divided by 199.
18
What is the remainder when 24387 is divided by 4876?
7
What is the remainder when 12769 is divided by 3176?
65
What is the remainder when 8449 is divided by 29?
10
What is the remainder when 71475 is divided by 276?
267
Calculate the remainder when 2669494 is divided by 23.
22
What is the remainder when 1123 is divided by 15?
13
What is the remainder when 5771 is divided by 617?
218
What is the remainder when 348607 is divided by 38?
33
What is the remainder when 14059 is divided by 669?
10
Calculate the remainder when 2973 is divided by 598.
581
Calculate the remainder when 1454 is divided by 475.
29
Calculate the remainder when 3623 is divided by 473.
312
What is the remainder when 4543 is divided by 115?
58
Calculate the remainder when 372 is divided by 171.
30
Calculate the remainder when 139941 is divided by 204.
201
What is the remainder when 158495 is divided by 24?
23
Calculate the remainder when 2737565 is divided by 263.
261
What is the remainder when 194499 is divided by 19?
15
What is the remainder when 5914 is divided by 5878?
36
What is the remainder when 4993 is divided by 32?
1
Calculate the remainder when 9155 is divided by 2979.
218
Calculate the remainder when 12541 is divided by 56.
53
What is the remainder when 20250 is divided by 67?
16
Calculate the remainder when 18424 is divided by 1069.
251
What is the remainder when 11217 is divided by 1607?
1575
Calculate the remainder when 20447 is divided by 5109.
11
What is the remainder when 4152903 is divided by 18?
15
What is the remainder when 50843 is divided by 57?
56
Calculate the remainder when 12438 is divided by 39.
36
Calculate the remainder when 57658 is divided by 1650.
1558
Calculate the remainder when 6341 is divided by 9.
5
Calculate the remainder when 13731 is divided by 237.
222
What is the remainder when 9540 is divided by 1403?
1122
What is the remainder when 15283 is divided by 494?
463
Calculate the remainder when 168796 is divided by 21.
19
What is the remainder when 33281 is divided by 18?
17
Calculate the remainder when 258281 is divided by 89.
3
What is the remainder when 1297 is divided by 134?
91
What is the remainder when 64018 is divided by 538?
534
What is the remainder when 7515 is divided by 60?
15
Calculate the remainder when 118576 is divided by 283.
282
Calculate the remainder when 2531 is divided by 56.
11
What is the remainder when 263163 is divided by 16?
11
What is the remainder when 6774 is divided by 165?
9
What is the remainder when 2294 is divided by 641?
371
What is the remainder when 547 is divided by 221?
105
What is the remainder when 63512 is divided by 376?
344
What is the remainder when 61483 is divided by 338?
305
Calculate the remainder when 48977 is divided by 24473.
31
What is the remainder when 676269 is divided by 876?
873
What is the remainder when 70974 is divided by 1182?
54
Calculate the remainder when 2060061 is divided by 1030025.
11
What is the remainder when 4995 is divided by 1285?
1140
Calculate the remainder when 6018 is divided by 249.
42
Calculate the remainder when 370052 is divided by 24.
20
Calculate the remainder when 90249 is divided by 4510.
49
Calculate the remainder when 99139 is divided by 533.
1
Calculate the remainder when 409588 is divided by 127.
13
What is the remainder when 104456 is divided by 1229?
1220
What is the remainder when 5722 is divided by 16?
10
What is the remainder when 348668 is divided by 9?
8
Calculate the remainder when 4180560 is divided by 11.
10
What is the remainder when 7394 is divided by 2431?
101
Calculate the remainder when 16612 is divided by 33.
13
What is the remainder when 1334783 is divided by 133?
128
Calculate the remainder when 26991 is divided by 300.
291
What is the remainder when 29715 is divided by 1485?
15
What is the remainder when 49588 is divided by 327?
211
Calculate the remainder when 167675 is divided by 279.
275
What is the remainder when 27432 is divided by 13689?
54
Calculate the remainder when 2176 is divided by 181.
4
What is the remainder when 2107 is divided by 10?
7
What is the remainder when 13244 is divided by 1008?
140
Calculate the remainder when 6685 is divided by 1548.
493
What is the remainder when 96176 is divided by 30?
26
What is the remainder when 24585 is divided by 18?
15
What is the remainder when 2159 is divided by 186?
113
What is the remainder when 3633 is divided by 891?
69
Calculate the remainder when 8764 is divided by 1751.
9
Calculate the remainder when 48485 is divided by 2548.
73
Calculate the remainder when 651147 is divided by 19.
17
Calculate the remainder when 3757 is divided by 38.
33
Calculate the remainder when 180841 is divided by 13.
11
Calculate the remainder when 1600 is divided by 85.
70
What is the remainder when 3196 is divided by 129?
100
Calculate the remainder when 273929 is divided by 136953.
23
What is the remainder when 18336 is divided by 40?
16
What is the remainder when 59525 is divided by 374?
59
What is the remainder when 16435 is divided by 3268?
95
What is the remainder when 708 is divided by 281?
146
What is the remainder when 12766 is divided by 12683?
83
What is the remainder when 55237 is divided by 31?
26
Calculate the remainder when 775 is divided by 766.
9
What is the remainder when 7881 is divided by 374?
27
What is the remainder when 242541 is divided by 882?
873
What is the remainder when 29315 is divided by 182?
13
Calculate the remainder when 194044 is divided by 13.
6
What is the remainder when 20949 is divided by 8?
5
What is the remainder when 372927 is divided by 1008?
975
What is the remainder when 1338 is divided by 17?
12
Calculate the remainder when 15970 is divided by 132.
130
What is the remainder when 46473 is divided by 1720?
33
What is the remainder when 250 is divided by 218?
32
Calculate the remainder when 19448 is divided by 6474.
26
What is the remainder when 4143 is divided by 1377?
12
Calculate the remainder when 13684 is divided by 188.
148
What is the remainder when 787449 is divided by 469?
467
What is the remainder when 5501 is divided by 786?
785
What is the remainder when 20705 is divided by 473?
366
What is the remainder when 1353 is divided by 1311?
42
Calculate the remainder when 85385 is divided by 2431.
300
Calculate the remainder when 1688 is divided by 45.
23
What is the remainder when 2769 is divided by 25?
19
Calculate the remainder when 66060 is divi